 4*r - 26 = 0. Does 23 divide a?
False
Let v(m) = -m**3 + 7*m**2 - 2*m + 2. Let l be v(7). Let i = l + 18. Suppose 44 = 2*f + i. Is 19 a factor of f?
True
Suppose 3*s = -2 + 20. Suppose 0 = 3*l - s. Suppose 0 = -2*i + 10 + l. Does 6 divide i?
True
Let f(s) = -3*s. Let t be f(-1). Suppose n + 2 = w, -7*w + t*w = n - 18. Suppose 0 = u - n*u + 25. Is u a multiple of 9?
False
Let w be (30/(-20))/(1/16). Does 4 divide (-1)/(-1*(-2)/w)?
True
Is 39 a factor of ((-39)/(-12))/(3/180)?
True
Suppose 2*l - 3*n = 39, -3*n = -l + n + 7. Suppose 0 = 4*h - 7*h + 15. Let o = h + l. Is o a multiple of 14?
False
Let y = 4 + -1. Let u(p) = p**3 + 0 - y*p - 5 - 4*p**2 - 2. Is u(5) a multiple of 3?
True
Suppose 5*s + 8 = -2. Let j be (-27)/1*s/6. Suppose 57 = 2*h + j. Is h a multiple of 12?
True
Does 14 divide 30/1 + (3 - 4)?
False
Suppose 0 = 4*m - 8*m. Suppose -4*w = -m*w - 84. Is w a multiple of 8?
False
Suppose 2*y = 4*y - 230. Does 14 divide y?
False
Is (-1)/(-2) + (-43)/(-2) a multiple of 11?
True
Let h(l) = -2*l**2 - 4*l + 2. Let s(j) = 5*j**2 + 8*j - 4. Let m(o) = 7*h(o) + 3*s(o). Let f be m(4). Is (2 - f) + 1 + 2 a multiple of 3?
True
Let o(c) = c - 2. Let r be o(-3). Is 5 a factor of 1*11 + (-6 - r)?
True
Let g(z) = 2*z**2 - 8*z + 1. Let c be g(6). Suppose b = 6*b - c. Suppose 35 + 40 = b*m. Is 15 a factor of m?
True
Let g(l) = l**3 - 4*l**2 - 7*l + 4. Let w be g(5). Is (-20)/w*(-3 + 9) a multiple of 10?
True
Let v = 4 + -12. Does 12 divide 22*6*(-2)/v?
False
Suppose 7*f + 22 = 9*f. Let y = 2 - -1. Suppose 2*p = y*a + 41, -2*p + 28 = -5*a - f. Is p a multiple of 11?
True
Suppose -5*n = -3*o - 2*n + 81, 86 = 3*o - 4*n. Does 11 divide o?
True
Let v(j) = 6*j + 12. Suppose 4*p = 2*p + 14. Is v(p) a multiple of 18?
True
Suppose -2*l - 4*j - 4 + 2 = 0, -l - 21 = -2*j. Let t = 7 - l. Does 9 divide t?
True
Let b(n) = 81*n**2 + 5*n - 6. Does 10 divide b(1)?
True
Suppose -c - 4 = -2. Let t(a) = -a**2 + 5*a + 2. Let r be t(5). Let z = r - c. Is 2 a factor of z?
True
Let z = -6 - -8. Suppose 2*q = -z*q + 200. Does 10 divide q?
True
Suppose -5*x + 0 = -5. Suppose -x - 5 = s. Let k = -4 - s. Is 2 a factor of k?
True
Let o = -4 + 9. Let l(b) = 3*b**2 - 9 - o*b**2 - 3*b + 3*b**2. Is l(7) a multiple of 9?
False
Suppose 0*n - 5*n = -350. Is 14 a factor of n?
True
Let z(s) = -9*s**3 - 2*s**2 - 2*s - 1. Let h be z(-1). Suppose -5*y + 20 = 5*a, -5*a - 8 = -2*y - 0*y. Is a + h - 15/(-5) a multiple of 11?
True
Suppose 4*y + 0*q = 2*q, 5*q = 0. Suppose 0*h - 3*f - 146 = -5*h, y = -3*h + 3*f + 84. Let l = -18 + h. Is 7 a factor of l?
False
Let y(v) = -2 - 3*v + 0*v**2 + 11*v - v**2 + 0*v**2. Is y(5) a multiple of 10?
False
Suppose -2*h - 19 = -103. Is 11 a factor of h?
False
Is 17 a factor of 187/33*(-1 - -10)?
True
Let p(r) = -r**3 + 6*r**2 + 4*r - 7. Does 6 divide p(6)?
False
Let i(y) = -y**2 - 12*y - 15. Let d be i(-10). Suppose 142 = d*n + 2. Does 19 divide n?
False
Let z = 227 + -111. Does 29 divide z?
True
Let z(l) = -9*l**2 + l + 7. Let c(h) = -26*h**2 + 3*h + 20. Let m(r) = -3*c(r) + 8*z(r). Is 18 a factor of m(-3)?
False
Suppose -3*q + 5 = -k, 2*q + 15 = -2*q - 3*k. Suppose -m - 2*m + 18 = q. Suppose -m*o + 5*o = -5. Is 2 a factor of o?
False
Suppose 2*u - 5*o - 220 = 0, 2*u - 4*o = 3*u - 136. Is 12 a factor of u?
True
Is (-4 - -7)/((9/(-654))/(-1)) a multiple of 30?
False
Let q = 130 + -79. Let r = -54 + 80. Let g = q - r. Does 25 divide g?
True
Suppose 42 = 10*b - 4*b. Does 3 divide b?
False
Let u = 6 - 3. Let t be ((-10)/(-3))/((-6)/(-9)). Suppose -2*l + 19 = 2*x - u*l, -2*x + t*l + 39 = 0. Is x a multiple of 4?
False
Let w(g) = -g - 5. Let f be w(-7). Suppose 15 = -f*o - 3*o. Let z = o - -14. Does 11 divide z?
True
Suppose -3*n + 3384 = 9*n. Is n a multiple of 47?
True
Let q = 6 - 4. Let b be 88 + (q - (4 + -2)). Let z = -62 + b. Is z a multiple of 13?
True
Suppose -5*c = -36 - 24. Let q = c - -17. Is q a multiple of 7?
False
Suppose k + 19 = y, 3*y + 7 - 67 = 2*k. Is y a multiple of 17?
False
Let d = -57 - -120. Is 22 a factor of d - (-10 + 3 - -4)?
True
Suppose 0 = g - 2*q - 14, 4*q = -0*g - 5*g + 14. Suppose -g*x = -4*x - 70. Is x a multiple of 35?
True
Let g(f) = -f**2 + f + 6. Let m be g(-7). Suppose -53 + 2 = 3*a. Let y = a - m. Is y a multiple of 9?
False
Let o be ((-32)/12)/(1/3). Does 22 divide 105/2 - (-4)/o?
False
Is ((-6)/4)/(6/(-84)) a multiple of 7?
True
Suppose 0 = 5*x + 5*w - 30, -3*x - 1 = -4*w - 5. Suppose 0*m = -m. Suppose -6*l + x*l + 48 = m. Does 13 divide l?
False
Suppose -t + 2*t + 18 = 0. Let y(n) = -n**3 - 6*n**2 + 7*n + 3. Let z be y(-7). Does 18 divide t/((z/(-6))/1)?
True
Suppose 2*j - 24 = -5*l, 0 = 2*l + 3*l - j - 18. Suppose -l*n - 3*f = -2*f - 21, -21 = -5*n + 4*f. Is n even?
False
Suppose -5*o + 4 = -v - 42, -o = -4*v - 13. Is o even?
False
Suppose 0 = -a + 2*a - 2. Suppose -a*c - c = 6. Is c + 1 - 9*-1 a multiple of 4?
True
Suppose -7*s = 2*h - 4*s - 1, 3*h = -3*s + 6. Let k(l) = 3*l - 7. Is 5 a factor of k(h)?
False
Let d(c) = c + 6. Let k be d(-6). Suppose 1 = -3*n - 71. Let a = k - n. Is 8 a factor of a?
True
Let c(q) = -q - 2. Let o be c(-6). Suppose 0 = -o*x + 86 - 22. Let a = 43 - x. Is a a multiple of 9?
True
Suppose -2*a + 12 = -2. Let l = -1 + a. Is 12 a factor of (-80)/(-6) - (-4)/l?
False
Suppose -c + 6 - 4 = 0. Suppose m - 5 - c = 0. Does 7 divide m?
True
Suppose 10 = -2*d, r = 3*r + 4*d + 32. Let o(x) = x + 8. Is o(r) even?
True
Suppose -3*x + 0*r + 32 = 4*r, 5*x - 5*r - 65 = 0. Let j = -8 + x. Is 2 a factor of j?
True
Let l(j) be the third derivative of j**6/120 - j**5/10 + j**4/6 - 5*j**3/6 - 6*j**2. Is l(6) a multiple of 19?
True
Let m(j) = -9*j - 3. Let q(a) = -a**2 + 4*a + 1. Let o be q(5). Is m(o) a multiple of 9?
False
Let v(a) = -4*a**2 - 5*a - 4. Let g(u) = 8*u**2 + 9*u + 7. Let b(r) = 3*g(r) + 5*v(r). Does 19 divide b(2)?
False
Suppose 1 - 3 = -h. Suppose -h*g + 39 = 9. Let n = -2 + g. Is 13 a factor of n?
True
Suppose 48 = -2*p + 6. Does 7 divide (-453)/p + 4/(-7)?
True
Let y = 16 - 14. Is y/(-8) - (-582)/24 a multiple of 19?
False
Suppose 0 = 3*n + 5*y - 164, -4*n - 2*y + 200 = -0*n. Is n a multiple of 16?
True
Suppose 5*o = -5*m + 55, 83 - 28 = 5*o + 4*m. Let t = o - -19. Is 15 a factor of t?
True
Suppose q = -q + 6. Is q even?
False
Let o(h) = -h**2 + 12*h - 9. Let u be o(11). Suppose u = n - 1. Is n a multiple of 3?
True
Suppose 0*k = -2*k + 10. Suppose k*v = 2*t + 221, -v - 2*t + 0 = -37. Is v a multiple of 15?
False
Let d(h) = -h**2 - h. Let j be d(-1). Let a(v) = -4*v**2 - 2*v + 6. Let t(f) = 5*f**2 + 3*f - 7. Let u(q) = 4*a(q) + 3*t(q). Is 2 a factor of u(j)?
False
Suppose -4*l + 50 = -2*l. Let m(v) = -v. Let j be m(5). Does 16 divide j/l - (-81)/5?
True
Let y = -367 - -653. Is y a multiple of 22?
True
Does 2 divide ((-5)/(-2))/((-25)/(-60))?
True
Suppose 0*k - 99 = 2*g + 5*k, 12 = -4*k. Let d = g - -70. Is 14 a factor of d?
True
Suppose -7*a + 38 = -88. Is 9 a factor of a?
True
Let c be -1 - 2/(-2)*1. Let i be (1 - 3) + c + 4. Suppose -i*z = -5*z, 0 = 4*t - 3*z - 24. Is t a multiple of 5?
False
Let i(r) = r**2 - 7*r - 11. Does 15 divide i(10)?
False
Is -1*(1 + -36) + 12 + -10 a multiple of 12?
False
Let z(l) be the second derivative of l**3/6 + 11*l**2/2 - 2*l. Let p be z(-9). Suppose 0 = 5*g + 2*d - 33, -p*g = g - d - 11. Is 3 a factor of g?
False
Let i(m) = 2*m**2 + 2*m - 4. Let j = 18 + -13. Is 16 a factor of i(j)?
False
Let c(d) = -38*d**3 - d**2 + 3*d + 2. Does 6 divide c(-1)?
True
Suppose -a - 160 = -3*a. Let n = -15 + a. Is 19 a factor of n?
False
Suppose 5*v - 2 = 58. Is v a multiple of 6?
True
Let q = -15 - -9. Let a be 2/((-2)/q - 1). Is 5 a factor of 45/3*(-2)/a?
True
Let t be (3/(-4) + 2)*4. Suppose 2*k + 2*w - t*w = -15, 0 = -2*k - w + 5. Let m = k - -3. Is m a multiple of 3?
True
Suppose -w = -2*w + 60. Suppose w = 2*o + 16. Does 14 divide o?
False
Let l(c) = 12*c**2 + c + 2. Is 16 a factor of l(-2)?
True
Is 14 a factor of (4/(48/(-33)))/((-1)/56)?
True
Let o = 47 - -37. Is 14 a factor of o?
True
Let p(o) = o**3 - 4*o**2 + 2*o + 3. Let t be p(3). Suppose -3*z + t*z = -3, -v - 5*z + 18 = 0. Is v a multiple of 6?
False
Let x(b) = -b**3 + 6*b**2 - 4*b - 5. Let d be x(5). Suppose 78 = 3*c - d*c. Is 9 a factor of c?
False
Suppose 0 = c - 3*v - 76, -4*v + v - 356 = -5*c. Is 16 a factor of